divided by 59?
9
What is the remainder when 871 is divided by 225?
196
What is the remainder when 524 is divided by 118?
52
What is the remainder when 166 is divided by 19?
14
Calculate the remainder when 193 is divided by 78.
37
Calculate the remainder when 1156 is divided by 89.
88
Calculate the remainder when 445 is divided by 41.
35
What is the remainder when 105 is divided by 30?
15
What is the remainder when 968 is divided by 306?
50
What is the remainder when 906 is divided by 176?
26
What is the remainder when 261 is divided by 44?
41
Calculate the remainder when 837 is divided by 276.
9
What is the remainder when 266 is divided by 66?
2
Calculate the remainder when 118 is divided by 11.
8
Calculate the remainder when 439 is divided by 89.
83
What is the remainder when 436 is divided by 224?
212
What is the remainder when 2014 is divided by 32?
30
Calculate the remainder when 146 is divided by 145.
1
Calculate the remainder when 735 is divided by 74.
69
Calculate the remainder when 146 is divided by 15.
11
Calculate the remainder when 477 is divided by 32.
29
Calculate the remainder when 2443 is divided by 16.
11
Calculate the remainder when 241 is divided by 64.
49
What is the remainder when 99 is divided by 10?
9
Calculate the remainder when 3871 is divided by 121.
120
Calculate the remainder when 738 is divided by 292.
154
What is the remainder when 125 is divided by 22?
15
Calculate the remainder when 467 is divided by 13.
12
Calculate the remainder when 7252 is divided by 137.
128
Calculate the remainder when 1779 is divided by 178.
177
What is the remainder when 969 is divided by 139?
135
What is the remainder when 3320 is divided by 81?
80
Calculate the remainder when 167 is divided by 29.
22
What is the remainder when 53 is divided by 4?
1
What is the remainder when 412 is divided by 52?
48
What is the remainder when 1065 is divided by 12?
9
What is the remainder when 4572 is divided by 1143?
0
What is the remainder when 1935 is divided by 642?
9
Calculate the remainder when 3453 is divided by 128.
125
Calculate the remainder when 3579 is divided by 32.
27
What is the remainder when 412 is divided by 4?
0
What is the remainder when 213 is divided by 134?
79
What is the remainder when 2195 is divided by 12?
11
Calculate the remainder when 106 is divided by 12.
10
Calculate the remainder when 258 is divided by 88.
82
Calculate the remainder when 139 is divided by 59.
21
Calculate the remainder when 168 is divided by 88.
80
Calculate the remainder when 91 is divided by 60.
31
What is the remainder when 379 is divided by 4?
3
Calculate the remainder when 396 is divided by 25.
21
What is the remainder when 144 is divided by 62?
20
Calculate the remainder when 33 is divided by 9.
6
Calculate the remainder when 20639 is divided by 129.
128
Calculate the remainder when 419 is divided by 136.
11
Calculate the remainder when 208 is divided by 54.
46
What is the remainder when 73 is divided by 33?
7
What is the remainder when 24990 is divided by 8?
6
Calculate the remainder when 285 is divided by 13.
12
Calculate the remainder when 544 is divided by 147.
103
Calculate the remainder when 488 is divided by 101.
84
Calculate the remainder when 1116 is divided by 45.
36
What is the remainder when 137 is divided by 35?
32
What is the remainder when 160 is divided by 15?
10
What is the remainder when 566 is divided by 95?
91
Calculate the remainder when 1106 is divided by 27.
26
What is the remainder when 1177 is divided by 62?
61
Calculate the remainder when 547 is divided by 11.
8
Calculate the remainder when 1590 is divided by 1588.
2
Calculate the remainder when 177 is divided by 53.
18
Calculate the remainder when 1478 is divided by 40.
38
What is the remainder when 3885 is divided by 278?
271
Calculate the remainder when 94 is divided by 20.
14
Calculate the remainder when 551 is divided by 138.
137
What is the remainder when 106 is divided by 8?
2
What is the remainder when 826 is divided by 83?
79
Calculate the remainder when 296 is divided by 57.
11
What is the remainder when 295 is divided by 59?
0
Calculate the remainder when 230 is divided by 29.
27
What is the remainder when 1827 is divided by 10?
7
What is the remainder when 140 is divided by 37?
29
Calculate the remainder when 1228 is divided by 307.
0
What is the remainder when 1931 is divided by 45?
41
What is the remainder when 6496 is divided by 97?
94
What is the remainder when 15 is divided by 12?
3
Calculate the remainder when 979 is divided by 187.
44
What is the remainder when 292 is divided by 26?
6
Calculate the remainder when 355 is divided by 60.
55
What is the remainder when 618 is divided by 212?
194
Calculate the remainder when 707 is divided by 269.
169
Calculate the remainder when 1676 is divided by 23.
20
What is the remainder when 102 is divided by 75?
27
Calculate the remainder when 1810 is divided by 554.
148
What is the remainder when 84 is divided by 5?
4
Calculate the remainder when 520 is divided by 110.
80
What is the remainder when 1254 is divided by 35?
29
Calculate the remainder when 234 is divided by 78.
0
Calculate the remainder when 7214 is divided by 15.
14
What is the remainder when 151 is divided by 44?
19
What is the remainder when 1107 is divided by 8?
3
Calculate the remainder when 2152 is divided by 14.
10
What is the remainder when 584 is divided by 149?
137
Calculate the remainder when 49 is divided by 10.
9
Calculate the remainder when 590 is divided by 17.
12
What is the remainder when 389 is divided by 6?
5
What is the remainder when 548 is divided by 35?
23
Calculate the remainder when 43 is divided by 24.
19
What is the remainder when 439 is divided by 9?
7
What is the remainder when 622 is divided by 279?
64
What is the remainder when 1031 is divided by 94?
91
What is the remainder when 4250 is divided by 39?
38
Calculate the remainder when 109 is divided by 8.
5
Calculate the remainder when 34 is divided by 33.
1
What is the remainder when 538 is divided by 20?
18
What is the remainder when 707 is divided by 37?
4
What is the remainder when 272 is divided by 106?
60
What is the remainder when 637 is divided by 58?
57
Calculate the remainder when 1231 is divided by 62.
53
What is the remainder when 2118 is divided by 1057?
4
What is the remainder when 672 is divided by 233?
206
Calculate the remainder when 2735 is divided by 211.
203
What is the remainder when 624 is divided by 94?
60
Calculate the remainder when 128 is divided by 23.
13
Calculate the remainder when 165 is divided by 135.
30
Calculate the remainder when 184 is divided by 11.
8
Calculate the remainder when 22 is divided by 12.
10
Calculate the remainder when 282 is divided by 235.
47
What is the remainder when 380 is divided by 48?
44
What is the remainder when 424 is divided by 104?
8
What is the remainder when 1169 is divided by 65?
64
What is the remainder when 147 is divided by 53?
41
What is the remainder when 1510 is divided by 40?
30
What is the remainder when 228 is divided by 18?
12
What is the remainder when 9 is divided by 4?
1
What is the remainder when 999 is divided by 8?
7
Calculate the remainder when 1104 is divided by 27.
24
Calculate the remainder when 2494 is divided by 104.
102
What is the remainder when 952 is divided by 33?
28
What is the remainder when 1165 is divided by 53?
52
Calculate the remainder when 38 is divided by 2.
0
What is the remainder when 670 is divided by 42?
40
What is the remainder when 114 is divided by 44?
26
What is the remainder when 419 is divided by 48?
35
What is the remainder when 472 is divided by 36?
4
What is the remainder when 10833 is divided by 18?
15
Calculate the remainder when 153 is divided by 4.
1
What is the remainder when 188 is divided by 39?
32
Calculate the remainder when 122 is divided by 93.
29
What is the remainder when 196 is divided by 50?
46
Calculate the remainder when 470 is divided by 30.
20
What is the remainder when 6928 is divided by 90?
88
What is the remainder when 116 is divided by 15?
11
Calculate the remainder when 219 is divided by 20.
19
Calculate the remainder when 2307 is divided by 22.
19
Calculate the remainder when 340 is divided by 114.
112
Calculate the remainder when 272